f + 8. Let x be m(4). Suppose 0*p = x*p - 8. Suppose -2*z = 2 - 4. Calculate the remainder when p is divided by z.
0
What is the remainder when (-38)/(-14) + 2/7 is divided by 2?
1
Let w(t) = -t**3 + 15*t**2 - 22*t - 29. Calculate the remainder when 87 is divided by w(13).
18
Let u(b) be the third derivative of b**6/120 - b**5/12 - b**4/3 + 2*b**3/3 + 8*b**2. Calculate the remainder when u(7) is divided by 24.
22
Let y(z) = -21*z**2 - 2*z - 6. Let b be y(-6). Calculate the remainder when b/(-14) - 6/(-14) is divided by 14.
12
Suppose f + 4*f - 120 = 0. Let b be -3*(-3 - 42/9). Suppose 6*h = 2*n + h - 43, 2*n - b = h. Calculate the remainder when f is divided by n.
6
Let j(o) = -10*o + 1. What is the remainder when 52 is divided by j(-1)?
8
Let a(r) = -4*r + 1 - 2*r + 5*r + r**2. Calculate the remainder when a(4) is divided by (-4)/14 + 37/7.
3
Suppose 2*u - 2 = 4. Suppose 0 = u*s - 0*s - 21. What is the remainder when 25 is divided by s?
4
Suppose 5*h + 7 - 2 = -l, -2*h - 2*l - 10 = 0. Suppose 145 = 5*w - 5*o, -2*o + 6*o + 4 = h. Calculate the remainder when w is divided by 10.
8
Let u(v) = v**2 - 9*v + 4. Calculate the remainder when 77 is divided by u(11).
25
Let m(w) = w**3 - 5*w**2 - 3*w + 7. Let j be m(5). Let n = j + 42. What is the remainder when n is divided by 9?
7
Suppose -8*v = 34 - 82. What is the remainder when v is divided by -1 + 0 - (0 - 5)?
2
What is the remainder when 244/16 - 5/20 is divided by 3?
0
Suppose 0*f + 4 = 2*f, -3*f = 2*z + 20. Let b(l) = l**3 + 14*l**2 + 14*l + 17. Let y(u) = 3*u + 4. Calculate the remainder when y(3) is divided by b(z).
1
Let k(u) = u + 8. Calculate the remainder when 135 is divided by k(26).
33
Let h(n) = -n + 6. Let o be h(11). Let r = 15 - o. What is the remainder when r is divided by 7?
6
Suppose -278 = -9*l + 73. What is the remainder when l is divided by 10?
9
Let g(b) = 8*b**2 - 9*b + 1. Let n be g(6). Suppose p + n = 6*p. Calculate the remainder when p is divided by 12.
11
Let o(f) = 11*f + 1. Let t be o(5). Let l(r) = -9*r + 14. Let j be l(6). Let u = t + j. Calculate the remainder when 47 is divided by u.
15
Let g = -149 - -150. What is the remainder when 3 is divided by g?
0
Suppose 2*p + 2*p + 8 = 0. Let q be (-20)/p + -1 + -1. Let b = -3 + q. What is the remainder when 12 is divided by b?
2
Let d be 2/((-2)/53*1). Calculate the remainder when d/(-4) + (-2)/8 is divided by (-29)/(-4) - 1/4.
6
Let o = -5 + 29. Calculate the remainder when 44 is divided by o.
20
Let s(b) = -b**3 + 7*b**2 + b - 4. Let n be s(7). Let m(k) = -k**2 + 10*k - 3. Calculate the remainder when m(4) is divided by ((-2)/(-4))/(n/66).
10
Suppose -p = -5*p + 264. Let u = p - 32. Suppose -2*s + 9 = -27. What is the remainder when u is divided by s?
16
Let l be 6/(2*4/28). Let t = l + 15. What is the remainder when t is divided by 19?
17
Let m be (-36)/(-27) + 4/6. Suppose -m*v - 3 + 33 = 0. Calculate the remainder when 27 is divided by v.
12
Let r(p) = -p + 4. Let z be r(-6). Let d = 4 + -3. Let o = z - d. Calculate the remainder when o is divided by 5.
4
Let o(w) = -w**3 - 2*w**2 + 24*w + 2. What is the remainder when 1*(1 + 9 - 1) is divided by o(4)?
1
Suppose 3*x + 6 = -0*x. Let r(z) = -z**2 - 8*z + 11. Let t be r(-11). What is the remainder when x/(-6) + t/(-6) is divided by 3?
1
Suppose 0 = -4*m, -3*x - 5*m - 435 = -2*m. Let y = x - -76. Calculate the remainder when ((-8)/(-12))/((-1)/y) is divided by 16.
14
Suppose w - 10 = 3*w - t, -18 = 2*w - 3*t. Let s = w - -5. What is the remainder when 7 is divided by s?
1
Let j(i) = -i**3 - 15*i**2 + 6*i - 10. Calculate the remainder when j(-16) is divided by 38.
36
Suppose -18 = -3*o + 3*h, 3*o + 2*h = -0*o + 13. Suppose -2*a = -b + 22, o*b - a - 33 = 122. What is the remainder when 63 is divided by b?
31
Let l(x) = -11*x - 2. Let c be 7/(-2) - 21/(-14). What is the remainder when l(c) is divided by 11?
9
Let d(y) = -y**2 + 3*y + 7. Let s be d(7). Let m = s + 36. Calculate the remainder when 43 is divided by m.
13
Suppose o - 5*o + b = 0, -5*o = 4*b. Suppose o = -k - 0 + 20. Suppose -2*n = 5*t - 0*t - 108, -228 = -4*n - 4*t. What is the remainder when n is divided by k?
19
Suppose -5*n = -4 - 16. Suppose -2*u = -n*u + 38. What is the remainder when (23 + -2)/((-6)/(-16)) is divided by u?
18
Suppose -3*g + 0 - 59 = -4*i, -3*i + 39 = -4*g. Let o = 1 + 1. What is the remainder when (-2 + -1)/(o/(-22)) is divided by i?
16
Let l = -1 + 1. Suppose 4*f + 0*f = l. Suppose 3*x - 20 - 13 = f. Calculate the remainder when 21 is divided by x.
10
Let f(s) = s**2 - 9*s + 2. Calculate the remainder when 35 is divided by f(10).
11
Let y(j) = j**2. Let l be y(3). Suppose 0 = -5*c + l - 4. Calculate the remainder when -3*(-1)/(-3)*-1 is divided by c.
0
Suppose -2*l - 20 = -7*l. Suppose 0 = -l*u - 131 + 31. Let y = u - -41. What is the remainder when y is divided by 6?
4
Calculate the remainder when (-6 + 7)/((-1)/(-26)) is divided by 14.
12
Suppose 0 = -5*u - 0*u + 10. Let m(h) = h. What is the remainder when 1/1 + 3 + -1 is divided by m(u)?
1
Let r = 93 + -55. Let w(g) = -g**2 + 8*g - 5. Calculate the remainder when r is divided by w(5).
8
Suppose -4*z = -0*z. Suppose 3*v = 6*v + h - 39, z = -3*v + 5*h + 57. Suppose 0 = -2*n + v + 28. What is the remainder when n is divided by 11?
10
Suppose 5*b = b + 40. Suppose 5*p - 4*p - 23 = 3*g, 143 = 5*p - g. What is the remainder when p is divided by b?
9
Let k = 28 - 3. Let p be (-5)/2*(-18)/15. Calculate the remainder when k is divided by (-82)/(-6) + p/9.
11
Let f(p) = 5*p - 6. Let b = 13 - 8. What is the remainder when f(b) is divided by 5?
4
Let g = 14 - 12. Suppose 2*q + 3*q = 2*m + 225, q = g*m + 37. What is the remainder when q is divided by 16?
15
Let u(c) = -c**3 + 28*c**2 - 28*c + 53. Calculate the remainder when 50 is divided by u(27).
24
Let j be (2 + -6)*3/6. Calculate the remainder when 4/4 - j - -5 is divided by 2.
0
Let u(g) = -g**2 + 17*g + 9. Let f be u(10). Let l = f + -124. Calculate the remainder when 47 is divided by (1 - 0) + l/(-3).
15
Let u = -2 - -23. Calculate the remainder when u is divided by 8.
5
Calculate the remainder when 127 is divided by ((-114)/21 + -2)/((-6)/21).
23
Let k(j) = -29*j + 1. Let o be 1*3/(1*-3). Let b be k(o). What is the remainder when -1 + (b - (0 + 0)) is divided by 10?
9
Calculate the remainder when 17 - 4 - (3 + -1) is divided by (84/15 - -1) + 2/5.
4
Let j(u) = 21*u**2 + 4*u - 1. Let m be j(-3). Let i = m + -117. What is the remainder when i is divided by 20?
19
Let l be (0 - 2) + 4 + 0. Suppose u = -l*u + 30. Calculate the remainder when u is divided by 6.
4
Let a(j) = -8*j + 50. Let c be a(6). Let q be (-2)/(-8) + 222/8. Suppose -4*f = -d - 0*d - 46, -c*f + q = 2*d. Calculate the remainder when f is divided by 7.
5
Let m(u) = -u**3 - 5*u**2 + 8*u + 2. Let h(d) = -d. Let j(r) = 2*h(r) + m(r). Calculate the remainder when j(-7) is divided by 15.
13
Let q = -47 + 83. Calculate the remainder when q is divided by 19.
17
Let g = 0 - -4. Suppose 60 = 4*p + 2*w - 0*w, -g*w = 5*p - 69. What is the remainder when 49 is divided by p?
15
Calculate the remainder when 5/15 - (-798)/9 is divided by 23.
20
Suppose -p = 4*h + 5, -3 = 2*p - 3*p - 2*h. Calculate the remainder when p is divided by 2.
1
Let y be (-1 - -2)*(16 + -11). Suppose 5*o + 3*q = 19, -o + y*q = 3*o + 7. What is the remainder when 7 is divided by o?
1
Let c be 3 + 0/3 + -13. Let k = 19 + c. What is the remainder when 1 + -3 + (25 - -2) is divided by k?
7
Let k = 5 - 5. Suppose k*n - 5*n = -50. Calculate the remainder when 18 is divided by n.
8
Let y(r) = r + 17. Let w be y(-12). Suppose w*b - 211 = 399. What is the remainder when b is divided by 31?
29
Let v(y) = 2*y**2 + 8*y + 4. Calculate the remainder when v(-5) is divided by 3.
2
Let t(s) = -s**3 + 9*s**2 + 2. Let k be t(9). Suppose -11 = -k*g + 45. What is the remainder when g is divided by 15?
13
Suppose 5*w - 2*p - 15 = 0, -4*w + 2*p = -2*p - 24. Suppose 0 = -3*c - 2*i - w, 2*c = -5*i - 19 - 0. Calculate the remainder when 5 is divided by c.
2
Suppose -2*o + 0*o = 2*b - 4, 0 = -4*o - 5*b + 6. Suppose -17 - 11 = -o*n. Let f = -55 - -67. Calculate the remainder when f is divided by n.
5
Suppose 89 = 2*g + g - 5*t, 5*g - 103 = -3*t. What is the remainder when 67 is divided by